me?
False
Let p = -117296 - -238107. Is p a prime number?
True
Let x(b) = b**3 - 23*b**2 - 397*b - 29. Is x(-10) a composite number?
False
Let f(g) = g**3 + 8*g**2 - 11*g - 17. Let j be f(-9). Suppose -4*t = -9 + j. Is 1 - t*-560 - 4 a prime number?
True
Let g(k) = 13*k**3 + 34*k**2 + 22*k - 55. Is g(30) a composite number?
True
Let m(d) be the second derivative of 123*d**4/4 + 5*d**3/6 - 5*d**2/2 - 21*d. Let j be m(2). Suppose -29*i = -28*i - j. Is i a composite number?
False
Let h be (-24546)/10*(6 - (36 - 15)). Let j = h - 8878. Is j a prime number?
True
Let o = 408636 + -264119. Is o a composite number?
True
Let v be 2 + -8*2*(-4)/32. Let s be (-6)/(-108)*v + (-43)/(-9). Suppose -4*i - 2*k + 793 = k, s = -5*k. Is i a composite number?
False
Let z = -1066 + 1615. Let n = -54 - -302. Let c = n + z. Is c a composite number?
False
Suppose 0 = 12*q - 6*q + 594. Let x = 103 + q. Suppose x*d = 10*d - 22710. Is d a prime number?
False
Is ((-5874521)/123)/(10/(-30)) prime?
True
Suppose 17 = 2*d - 2*w - 19, d - 2*w = 17. Suppose d*g = 26*g - 36827. Is g composite?
False
Let q = -65 + 35. Let k = q + 46. Suppose 11*b + 155 = k*b. Is b a prime number?
True
Let n(v) be the second derivative of 2219*v**4/12 - 11*v**3/3 + 75*v**2/2 - 152*v. Is n(4) a prime number?
True
Let t(i) = -341*i + 16. Let s be t(-4). Let o = 394 + s. Suppose -523 = -4*r - 5*l + o, 2*r + 2*l = 1148. Is r prime?
False
Let j(z) = -3*z + 43. Let s be j(13). Suppose 7182 = s*y + f, -2*y - 5*f = -6*f - 3588. Is y a prime number?
False
Let b(k) = -2*k**2 - k - 186. Let u(i) = -2*i**2 - i - 185. Let w(q) = -6*b(q) + 5*u(q). Let n(h) = -h**2 + 8*h - 7. Let d be n(7). Is w(d) prime?
True
Let n = -95 + 74. Is ((-3)/6)/(n/(-70))*-177 a composite number?
True
Let d = 220 + -222. Let l(b) = -b**2 - 7*b - 6. Let i be l(-5). Is 1 + 742 + i + d a prime number?
False
Suppose 4*m + 20 = 3*g, -m = g - 1 - 1. Suppose 6*i = 2*i - g*j + 6956, 5*i - 8695 = -3*j. Is i a composite number?
True
Suppose 225 = 10*s - 1175. Suppose 5*g - s = 125. Let r = 331 - g. Is r composite?
True
Suppose -3*v = 2*v - 3*s - 9, 2*s - 13 = -3*v. Suppose -v*d = 5*d - 40. Suppose d*n - 1491 = -4*z, 9*n - 1479 = 4*n - z. Is n prime?
False
Suppose -k - 743 - 773 = 0. Suppose 3*p + o - 152 - 123 = 0, 0 = 3*p - 5*o - 299. Is (-31)/p - (k/3)/1 prime?
False
Let l(x) = x**3 - 2*x**2 - x + 1. Let r(t) = -79*t**3 + 17*t**2 - 10*t - 15. Let m(v) = 2*l(v) + r(v). Is m(-4) prime?
True
Suppose 79688 = 5*b - 75557. Suppose 5*p + 424 = 5*w + b, 5*w - 30615 = -5*p. Suppose -18*d - p = -22*d. Is d a composite number?
False
Let h(u) be the second derivative of u**7/420 + u**6/36 - 19*u**5/120 + u**4/12 - 5*u**3/2 - 11*u. Let v(l) be the second derivative of h(l). Is v(9) composite?
False
Let i = 213945 - -294352. Is i prime?
True
Is (1 + -1)/1 + (331 - -224160) a composite number?
False
Let c = 18 - 16. Suppose 2*o - 3*o - v + 13 = 0, c*o = 3*v + 26. Suppose -1899 = -16*b + o*b. Is b a prime number?
False
Let g = 18 + -10. Let y(m) = 5*m + 19. Let w be y(g). Suppose -w = -4*p + 89. Is p composite?
False
Let s(u) be the first derivative of 8*u**3/3 + 37*u**2/2 - 14*u + 45. Is s(11) prime?
True
Suppose 0 = k + 3*k - 16, -4*u - 4*k - 476 = 0. Let p = u + 61. Let f = p - -147. Is f prime?
False
Let j(a) = 40*a**2 - 242*a + 178. Is j(-72) a prime number?
False
Let j = -36 - -32. Let x be j - (1 + (-380 - -1)). Let n = -259 + x. Is n a prime number?
False
Let f(w) = -w**2 - 6*w - 10. Let o be f(-4). Let c be (-40)/(-25)*5/o. Let q(s) = -9*s**3 - 5*s**2 + 5*s + 5. Is q(c) composite?
True
Suppose -7*k + 50266 = 1280. Suppose 2*w - k = 516. Suppose 3*x - 4*q - w = 0, -2498 = -2*x - q + 5*q. Is x prime?
True
Let y(t) = -590*t + 1927. Is y(-86) a prime number?
True
Suppose 5*l + 16 - 70 = -2*a, -2*l = a - 21. Let w(z) = 63*z**2 + 16*z - 22. Is w(l) a composite number?
True
Suppose 4*b - 40132 = 4*i, -1056*b + 30107 = -1053*b - 5*i. Is b a prime number?
False
Let z = 3169 - 2775. Suppose d = -0*d - 5. Is z + -2 - (d/(-1) + -4) a prime number?
False
Let x(f) = -f**3 - 70*f**2 + 131*f + 139. Is x(-74) a prime number?
False
Suppose -2*y = -6 - 2. Suppose h - 5*h = -y. Is (1438 + h)*(5 + -4) a prime number?
True
Let y(k) = 15*k**2 + k**3 + 33*k + 5 - 49*k - 2. Let v be y(-16). Suppose -v*z = -2*z - 5*i - 289, 1156 = 4*z - 5*i. Is z a composite number?
True
Suppose -12*n - 335558 + 1062410 = 0. Is 1/(((-49)/n)/(-7)) a prime number?
False
Suppose -a - 48*g = -50*g - 171477, g = a - 171484. Is a a prime number?
True
Let z be 1/(-3) + (-130)/(-39). Let k(x) = -x - 419. Let l(h) = -419. Let b(q) = z*l(q) - 4*k(q). Is b(0) a composite number?
False
Suppose -73*v - 1639695 = -76*v - 3*j, -4*v - j = -2186272. Is v a composite number?
False
Let f(h) = 36771*h**3 - 9*h**2 + 15*h - 13. Is f(2) a composite number?
False
Is 2560190/4*(-7868)/(-2810) prime?
False
Suppose -930 = 11*g - 8*g. Let x = g - 28. Let a = -37 - x. Is a a composite number?
True
Let p = 72787 + 28876. Is p composite?
False
Let s = -269 - -265. Let x(n) = -40*n**2 + 4*n + 9. Let m(g) = -g**2 + g. Let l(w) = -m(w) - x(w). Is l(s) composite?
True
Let v(x) = -x**3 + 3*x**2 + 6*x - 5. Let z be v(4). Suppose 3*j - z = 0, -14096 = -5*l + 5*j + 69574. Is l a prime number?
False
Let u(k) = 1223*k**2 + 3*k + 6*k - 1 - 5*k. Let f be u(3). Is (1/2)/(7/f) a composite number?
False
Suppose 11*q = 484 + 275. Let d = -65 + q. Is (20/25)/(d/1910) a composite number?
True
Let j(m) = 10*m**2 - 14*m - 17. Let s be j(6). Suppose -f + 154 + s = 0. Is f a prime number?
False
Let s = 593 - -398220. Is s a prime number?
True
Let n be ((-32)/(-14) - 2) + (-400)/(-70). Let h(d) = -6*d**2 + 36*d + 3. Let p be h(n). Is p/2*-971*(-6)/9 prime?
True
Suppose -4*z = 2*l + 43088, 4*l - 32319 = 3*z + 7*l. Let a = 18272 + z. Is a a prime number?
False
Suppose -5*b = -88 + 53. Suppose -t + 226 = 4*m, -b*t + 3*t + 946 = -5*m. Is -2 + (-1)/((-1)/t) + 3 a composite number?
True
Suppose -4*z - w + 13 = -2, -4*z - 4*w + 12 = 0. Suppose -34191 = -5*q - 2*k, 2*k - 6*k = z*q - 27348. Is q prime?
False
Suppose -33*n - 3*n - n = 0. Suppose n = -5*b - 4*a + 59267, 4*a = 2*b - 0*a - 23690. Is b prime?
False
Let x(h) = -h**3 - 15*h**2 - 33*h - 3. Let i be (-13)/2 + -5*3/(-30). Let y be (((-189)/i)/(-3))/((-3)/(-4)). Is x(y) a prime number?
True
Suppose 4*y - 5*b = 0, 0 = y + 4*y + 4*b. Suppose 5*l - 3 - 12 = y, 1464 = 3*j - 3*l. Is j a prime number?
True
Let z(f) = -4444*f - 5191. Is z(-26) a composite number?
True
Let c be (11585/(-21))/(-5*5/(-75)). Is (5 + (-120)/25)*15 - c a composite number?
True
Suppose 9*z = 14*z + 10. Let q be z/(-3) + (39328/(-12))/(-4). Suppose -60*w = -64*w + q. Is w a prime number?
False
Suppose -11*p + 7*p = -8. Let l be (7 + 3 + -4)/p. Is l - (-154 - 3 - -1) composite?
True
Let p(l) = 4*l**2 + 21*l - 14. Let t be p(7). Suppose 2*y - 5093 + t = 0. Suppose 0 = 18*n - 24*n + y. Is n composite?
False
Suppose 2256615 = 54*q - 9*q. Is q prime?
True
Let v = 199 - 203. Is (-2 + (-15430)/8)/(1/v) a prime number?
True
Let h = -283978 - -708531. Is h prime?
False
Suppose 9628 - 3635 = x - 14*x. Suppose 170 = 2*n + 734. Let u = n - x. Is u composite?
False
Suppose -10*h + 111 + 79 = 0. Let j(u) = 535*u - 116. Is j(h) a prime number?
False
Is ((-6)/(-9))/((-868)/(-5429724090)) a composite number?
True
Let g be 8*1/4 - -8. Let b = g + 2208. Is b composite?
True
Let t = 3822498 - 2623447. Is t composite?
True
Let n(w) = 558*w**3 - 2*w**2 - 4*w - 2. Let y be n(-1). Is (-78)/4*y/27 a composite number?
True
Let a be (16/20)/(8/5740). Suppose 441 = 5*m - a. Is m prime?
False
Let k(f) = -5*f**3 + f**2 - 2*f + 2. Let n be k(-2). Suppose n = 15*s - 10*s. Suppose -40249 = -21*r + s*r. Is r a prime number?
True
Let z = 526262 - -241919. Is z a prime number?
False
Let r(s) = s**2 - s - 1. Let j(d) = d**2 + 5*d - 11. Let g(x) = j(x) - 2*r(x). Let a be g(4). Suppose -a*u + 2*l = -0*u - 957, -319 = -u - 4*l. Is u prime?
False
Suppose 0 = 56*g - 4460943 - 5630163 + 2977930. Is g prime?
False
Let t(u) = 120*u + 114. Let w be t(14). Let r = 5201 + w. Is r a composite number?
True
Let w(z) = z**3 - 6*z**2 - 8*z - 19. Let j be w(8). Suppose 3*o + 8*s + j = 4*s, -o + s - 8 = 0. Is -58*(-5)/((-10)/o) prime?
False
Let p = -374360 + 865137. Is p prime?